{"id":3693,"date":"2016-09-07T17:54:04","date_gmt":"2016-09-07T22:54:04","guid":{"rendered":"https:\/\/lifeseguridadnueva.lifeservicios.com\/producto\/4090-9008-modulo-de-control-dual-relay-iam-4090-9008\/"},"modified":"2023-03-01T21:28:08","modified_gmt":"2023-03-02T02:28:08","slug":"4090-9008-modulo-de-control-dual-relay-iam-4090-9008","status":"publish","type":"product","link":"https:\/\/lifeseguridadnueva.lifeservicios.com\/?product=4090-9008-modulo-de-control-dual-relay-iam-4090-9008","title":{"rendered":"4090-9008 M\u00f3dulo de control dual Relay IAM 4090-9008"},"content":{"rendered":"<h2>M\u00f3dulo de control dual Relay IAM 4090-9008<\/h2>\n<p> Listado UL, ULC, CSFM y aprobado por FM.<br \/>\n Dos salidas de control mediante contacto seco.<br \/>\n Voltaje m\u00e1ximo de operaci\u00f3n de 30Vdc a 2A (resistivo) \u00f3 1A (inductivo).<br \/>\n Alimentaci\u00f3n el\u00e9ctrica y datos suministrados v\u00eda comunicaci\u00f3n IDNet de dos cables.<br \/>\n LED indicador de estado.<br \/>\n Compatible con paneles 4007ES, 4010ES, 4100U, 4100ES.<br \/>\n Aplicaciones t\u00edpicas: Arranque de la BCI, apagado de HVAC, control de ascensor y puertas.<\/p>\n","protected":false},"excerpt":{"rendered":"<p>M\u00f3dulo de control dual Relay IAM 4090-9008<\/p>\n<p><a class=\"ficha\" href=\"https:\/\/lifeseguridadnueva.lifeservicios.com\/ficha-tecnica\/s4090-0014.pdf\" target=\"_blank\" rel=\"noopener\"><i class=\"iconoficha\"><\/i> FICHA T\u00c9CNICA<\/a><\/p>\n","protected":false},"featured_media":6125,"comment_status":"open","ping_status":"closed","template":"","meta":{"inline_featured_image":false},"product_cat":[200],"product_tag":[177],"aioseo_notices":[],"_links":{"self":[{"href":"https:\/\/lifeseguridadnueva.lifeservicios.com\/index.php?rest_route=\/wp\/v2\/product\/3693"}],"collection":[{"href":"https:\/\/lifeseguridadnueva.lifeservicios.com\/index.php?rest_route=\/wp\/v2\/product"}],"about":[{"href":"https:\/\/lifeseguridadnueva.lifeservicios.com\/index.php?rest_route=\/wp\/v2\/types\/product"}],"replies":[{"embeddable":true,"href":"https:\/\/lifeseguridadnueva.lifeservicios.com\/index.php?rest_route=%2Fwp%2Fv2%2Fcomments&post=3693"}],"wp:featuredmedia":[{"embeddable":true,"href":"https:\/\/lifeseguridadnueva.lifeservicios.com\/index.php?rest_route=\/wp\/v2\/media\/6125"}],"wp:attachment":[{"href":"https:\/\/lifeseguridadnueva.lifeservicios.com\/index.php?rest_route=%2Fwp%2Fv2%2Fmedia&parent=3693"}],"wp:term":[{"taxonomy":"product_cat","embeddable":true,"href":"https:\/\/lifeseguridadnueva.lifeservicios.com\/index.php?rest_route=%2Fwp%2Fv2%2Fproduct_cat&post=3693"},{"taxonomy":"product_tag","embeddable":true,"href":"https:\/\/lifeseguridadnueva.lifeservicios.com\/index.php?rest_route=%2Fwp%2Fv2%2Fproduct_tag&post=3693"}],"curies":[{"name":"wp","href":"https:\/\/api.w.org\/{rel}","templated":true}]}}