{"id":3703,"date":"2016-09-07T17:54:04","date_gmt":"2016-09-07T22:54:04","guid":{"rendered":"https:\/\/lifeseguridadnueva.lifeservicios.com\/producto\/4090-9118-modulo-relay-iam-con-t-sense-4090-9118\/"},"modified":"2023-03-01T21:28:09","modified_gmt":"2023-03-02T02:28:09","slug":"4090-9118-modulo-relay-iam-con-t-sense-4090-9118","status":"publish","type":"product","link":"https:\/\/lifeseguridadnueva.lifeservicios.com\/?product=4090-9118-modulo-relay-iam-con-t-sense-4090-9118","title":{"rendered":"4090-9118 M\u00f3dulo Relay IAM con T-Sense 4090-9118"},"content":{"rendered":"<h2>M\u00f3dulo Relay IAM con T-Sense 4090-9118<\/h2>\n<p> Listado UL, ULC, CSFM y aprobado por FM.<br \/>\n Monitoreo Clase B supervisado de contactos secos normalmente abiertos.<br \/>\n Control mediante un contacto seco.<br \/>\n LED indicador de estado.<br \/>\n Compatible con paneles 4007ES, 4010ES, 4100U, 4100ES.<br \/>\n Aplicaci\u00f3n t\u00edpica: Control de damper con supervisi\u00f3n de posici\u00f3n abierto\/cerrado.<\/p>\n","protected":false},"excerpt":{"rendered":"<p>M\u00f3dulo Relay IAM con T-Sense 4090-9118<\/p>\n<p><a class=\"ficha\" href=\"https:\/\/lifeseguridadnueva.lifeservicios.com\/ficha-tecnica\/4090-0007.pdf\" target=\"_blank\" rel=\"noopener\"><i class=\"iconoficha\"><\/i> FICHA T\u00c9CNICA<\/a><\/p>\n","protected":false},"featured_media":5934,"comment_status":"open","ping_status":"closed","template":"","meta":{"inline_featured_image":false},"product_cat":[200],"product_tag":[177],"aioseo_notices":[],"_links":{"self":[{"href":"https:\/\/lifeseguridadnueva.lifeservicios.com\/index.php?rest_route=\/wp\/v2\/product\/3703"}],"collection":[{"href":"https:\/\/lifeseguridadnueva.lifeservicios.com\/index.php?rest_route=\/wp\/v2\/product"}],"about":[{"href":"https:\/\/lifeseguridadnueva.lifeservicios.com\/index.php?rest_route=\/wp\/v2\/types\/product"}],"replies":[{"embeddable":true,"href":"https:\/\/lifeseguridadnueva.lifeservicios.com\/index.php?rest_route=%2Fwp%2Fv2%2Fcomments&post=3703"}],"wp:featuredmedia":[{"embeddable":true,"href":"https:\/\/lifeseguridadnueva.lifeservicios.com\/index.php?rest_route=\/wp\/v2\/media\/5934"}],"wp:attachment":[{"href":"https:\/\/lifeseguridadnueva.lifeservicios.com\/index.php?rest_route=%2Fwp%2Fv2%2Fmedia&parent=3703"}],"wp:term":[{"taxonomy":"product_cat","embeddable":true,"href":"https:\/\/lifeseguridadnueva.lifeservicios.com\/index.php?rest_route=%2Fwp%2Fv2%2Fproduct_cat&post=3703"},{"taxonomy":"product_tag","embeddable":true,"href":"https:\/\/lifeseguridadnueva.lifeservicios.com\/index.php?rest_route=%2Fwp%2Fv2%2Fproduct_tag&post=3703"}],"curies":[{"name":"wp","href":"https:\/\/api.w.org\/{rel}","templated":true}]}}