{"id":3954,"date":"2016-09-07T17:54:40","date_gmt":"2016-09-07T22:54:40","guid":{"rendered":"https:\/\/lifeseguridadnueva.lifeservicios.com\/producto\/mix-dh3100r-detector-de-ducto-direccionable\/"},"modified":"2023-03-01T21:28:16","modified_gmt":"2023-03-02T02:28:16","slug":"mix-dh3100r-detector-de-ducto-direccionable","status":"publish","type":"product","link":"https:\/\/lifeseguridadnueva.lifeservicios.com\/?product=mix-dh3100r-detector-de-ducto-direccionable","title":{"rendered":"MIX-DH3100R Detector de Ducto Direccionable"},"content":{"rendered":"<h2>Detector de Ducto Direccionable<\/h2>\n<p>Tecnolog\u00eda de bajo flujo: Ionizaci\u00f3n y modelos fotoel\u00e9ctricos listados para velocidades entre 100-4000 pies \/ min<br \/>\nAmbos modelos de ionizaci\u00f3n y fotoel\u00e9ctricos indicados para aplicaciones de alta temperatura<br \/>\nUnidades suministradas con la tarjeta direccionable deslizable MIX-ADD para facilitar el dispositivo de direccionamiento<br \/>\nCubierta transparente equipado con cuatro tornillos para enroscar con los dedos<br \/>\nAlerta por remocion de cobertura del sensor instant\u00e1nea<br \/>\nBloque de terminales vertical para facilitar el cableado<br \/>\nLED rojo fijo en la cabeza del detector indica alarma<br \/>\nM\u00e1s espacio para el cableado que los modelos competitivos<br \/>\nPermite una f\u00e1cil reconversi\u00f3n en muchas aplicaciones sin perforaciones adicionales<br \/>\nJuntas de la pared del conducto en la parte posterior de la caja est\u00e1n preinstalados<br \/>\nLeng\u00fcetas de montaje externos no requieren remoci\u00f3n de la cubierta para instalar<br \/>\nJunta de la tapa de color indica junta de la tapa adecuada<br \/>\nGrandes tornillos de conexi\u00f3n de terminales<br \/>\nSerie intercambiables \u00abplug-in\u00bb Alpha UL268. cabezas fotoel\u00e9ctricas o ionizaci\u00f3n<br \/>\nDise\u00f1o avanzado del cabezal del detector produce filtrado polvo interno<br \/>\nNo hay pantallas o filtros adicionales para limpiar<br \/>\nCompleta el cableado fijados de modo permanente a la unidad<\/p>\n","protected":false},"excerpt":{"rendered":"<p>Detector de Ducto Direccionable<\/p>\n<p><a class=\"ficha\" href=\"https:\/\/lifeseguridadnueva.lifeservicios.com\/ficha-tecnica\/mix-dh3100r.pdf\" target=\"_blank\" rel=\"noopener\"><i class=\"iconoficha\"><\/i> FICHA T\u00c9CNICA<\/a><\/p>\n","protected":false},"featured_media":6144,"comment_status":"open","ping_status":"closed","template":"","meta":{"inline_featured_image":false},"product_cat":[195],"product_tag":[168],"aioseo_notices":[],"_links":{"self":[{"href":"https:\/\/lifeseguridadnueva.lifeservicios.com\/index.php?rest_route=\/wp\/v2\/product\/3954"}],"collection":[{"href":"https:\/\/lifeseguridadnueva.lifeservicios.com\/index.php?rest_route=\/wp\/v2\/product"}],"about":[{"href":"https:\/\/lifeseguridadnueva.lifeservicios.com\/index.php?rest_route=\/wp\/v2\/types\/product"}],"replies":[{"embeddable":true,"href":"https:\/\/lifeseguridadnueva.lifeservicios.com\/index.php?rest_route=%2Fwp%2Fv2%2Fcomments&post=3954"}],"wp:featuredmedia":[{"embeddable":true,"href":"https:\/\/lifeseguridadnueva.lifeservicios.com\/index.php?rest_route=\/wp\/v2\/media\/6144"}],"wp:attachment":[{"href":"https:\/\/lifeseguridadnueva.lifeservicios.com\/index.php?rest_route=%2Fwp%2Fv2%2Fmedia&parent=3954"}],"wp:term":[{"taxonomy":"product_cat","embeddable":true,"href":"https:\/\/lifeseguridadnueva.lifeservicios.com\/index.php?rest_route=%2Fwp%2Fv2%2Fproduct_cat&post=3954"},{"taxonomy":"product_tag","embeddable":true,"href":"https:\/\/lifeseguridadnueva.lifeservicios.com\/index.php?rest_route=%2Fwp%2Fv2%2Fproduct_tag&post=3954"}],"curies":[{"name":"wp","href":"https:\/\/api.w.org\/{rel}","templated":true}]}}