{"id":4104,"date":"2016-09-07T17:55:00","date_gmt":"2016-09-07T22:55:00","guid":{"rendered":"https:\/\/lifeseguridadnueva.lifeservicios.com\/producto\/ea-323-detector-de-calor-velocimetrico-4-hilos-12v\/"},"modified":"2023-03-01T21:28:21","modified_gmt":"2023-03-02T02:28:21","slug":"ea-323-detector-de-calor-velocimetrico-4-hilos-12v","status":"publish","type":"product","link":"https:\/\/lifeseguridadnueva.lifeservicios.com\/?product=ea-323-detector-de-calor-velocimetrico-4-hilos-12v","title":{"rendered":"EA-323 DETECTOR DE CALOR VELOCIMETRICO EVERDAY 4 HILOS &#8211; 12V"},"content":{"rendered":"<h2>DETECTOR DE CALOR VELOCIMETRICO EVERDAY 4 HILOS &#8211; 12V<\/h2>\n<p>Serie de detectores que brindan una soluci\u00f3n efectiva y r\u00e1pida respuesta en caso de fuegos intensos de r\u00e1pida variaci\u00f3n de temperatura. Operan usando una pareja de termistores para sensar el calor.<br \/>\nEsta clasificado de acuerdo al EN54-5 como un detector de temperatura FIJO y Rate-of\u2014Rise (velocim\u00e9trico). El termistor de temperatura fija responder\u00e1 solo cuando el nivel de alarma sea alcanzado. El termistor de variaci\u00f3n de temperatura mide la velocidad con que se incrementa la temperatura<\/p>\n<p>CARACTERISTICAS<br \/>\n\u2022 Soluci\u00f3n de Termistor DUAL para asegura la detecci\u00f3n de Calor<br \/>\n\u2022 LED dual para 360\u00ba de visualizaci\u00f3n<br \/>\n\u2022 Switch para probar la sensibilidad del sensor tipo magn\u00e9tico<br \/>\n\u2022 F\u00e1cil instalaci\u00f3n y mantenimiento<\/p>\n","protected":false},"excerpt":{"rendered":"<p>DETECTOR DE CALOR VELOCIMETRICO 4 HILOS &#8211; 12V<\/p>\n<p><a class=\"ficha\" href=\"https:\/\/lifeseguridadnueva.lifeservicios.com\/ficha-tecnica\/ea-323.pdf\" target=\"_blank\" rel=\"noopener\"><i class=\"iconoficha\"><\/i> FICHA T\u00c9CNICA<\/a><\/p>\n","protected":false},"featured_media":5987,"comment_status":"open","ping_status":"closed","template":"","meta":{"inline_featured_image":false},"product_cat":[189],"product_tag":[159],"aioseo_notices":[],"_links":{"self":[{"href":"https:\/\/lifeseguridadnueva.lifeservicios.com\/index.php?rest_route=\/wp\/v2\/product\/4104"}],"collection":[{"href":"https:\/\/lifeseguridadnueva.lifeservicios.com\/index.php?rest_route=\/wp\/v2\/product"}],"about":[{"href":"https:\/\/lifeseguridadnueva.lifeservicios.com\/index.php?rest_route=\/wp\/v2\/types\/product"}],"replies":[{"embeddable":true,"href":"https:\/\/lifeseguridadnueva.lifeservicios.com\/index.php?rest_route=%2Fwp%2Fv2%2Fcomments&post=4104"}],"wp:featuredmedia":[{"embeddable":true,"href":"https:\/\/lifeseguridadnueva.lifeservicios.com\/index.php?rest_route=\/wp\/v2\/media\/5987"}],"wp:attachment":[{"href":"https:\/\/lifeseguridadnueva.lifeservicios.com\/index.php?rest_route=%2Fwp%2Fv2%2Fmedia&parent=4104"}],"wp:term":[{"taxonomy":"product_cat","embeddable":true,"href":"https:\/\/lifeseguridadnueva.lifeservicios.com\/index.php?rest_route=%2Fwp%2Fv2%2Fproduct_cat&post=4104"},{"taxonomy":"product_tag","embeddable":true,"href":"https:\/\/lifeseguridadnueva.lifeservicios.com\/index.php?rest_route=%2Fwp%2Fv2%2Fproduct_tag&post=4104"}],"curies":[{"name":"wp","href":"https:\/\/api.w.org\/{rel}","templated":true}]}}