{"id":4106,"date":"2016-09-07T17:55:00","date_gmt":"2016-09-07T22:55:00","guid":{"rendered":"https:\/\/lifeseguridadnueva.lifeservicios.com\/producto\/hd-988-detector-de-calor-2hilos-12v\/"},"modified":"2023-03-01T21:28:21","modified_gmt":"2023-03-02T02:28:21","slug":"hd-988-detector-de-calor-2hilos-12v","status":"publish","type":"product","link":"https:\/\/lifeseguridadnueva.lifeservicios.com\/?product=hd-988-detector-de-calor-2hilos-12v","title":{"rendered":"HD-988 DETECTOR DE CALOR 2HILOS EVERDAY &#8211; 12V"},"content":{"rendered":"<h2>DETECTOR DE CALOR 2HILOS EVERDAY &#8211; 12V<\/h2>\n<p>Serie de detectores que brindan una soluci\u00f3n efectiva y r\u00e1pida respuesta en caso de fuegos intensos de r\u00e1pida variaci\u00f3n de temperatura.<\/p>\n<p>CARACTERISTICAS<br \/>\n\u2022 Partes de movimiento mec\u00e1nico brindan estabilidad, durabilidad y confiabilidad.<br \/>\n\u2022 Elementos de auto restauraci\u00f3n bi\u2013metal permites uso continuo<br \/>\n\u2022 Material pl\u00e1stico, duraci\u00f3n a altas temperaturas y material pol\u00edmero a prueba de fuego<br \/>\n\u2022 En alarma el LED en Rojo continuo<br \/>\n\u2022 F\u00e1cil instalaci\u00f3n y mantenimiento<\/p>\n","protected":false},"excerpt":{"rendered":"<p>DETECTOR DE CALOR 2HILOS &#8211; 12V<\/p>\n<p><a class=\"ficha\" href=\"https:\/\/lifeseguridadnueva.lifeservicios.com\/ficha-tecnica\/hd-988.pdf\" target=\"_blank\" rel=\"noopener\"><i class=\"iconoficha\"><\/i> FICHA T\u00c9CNICA<\/a><\/p>\n","protected":false},"featured_media":5988,"comment_status":"open","ping_status":"closed","template":"","meta":{"inline_featured_image":false},"product_cat":[189],"product_tag":[159],"aioseo_notices":[],"_links":{"self":[{"href":"https:\/\/lifeseguridadnueva.lifeservicios.com\/index.php?rest_route=\/wp\/v2\/product\/4106"}],"collection":[{"href":"https:\/\/lifeseguridadnueva.lifeservicios.com\/index.php?rest_route=\/wp\/v2\/product"}],"about":[{"href":"https:\/\/lifeseguridadnueva.lifeservicios.com\/index.php?rest_route=\/wp\/v2\/types\/product"}],"replies":[{"embeddable":true,"href":"https:\/\/lifeseguridadnueva.lifeservicios.com\/index.php?rest_route=%2Fwp%2Fv2%2Fcomments&post=4106"}],"wp:featuredmedia":[{"embeddable":true,"href":"https:\/\/lifeseguridadnueva.lifeservicios.com\/index.php?rest_route=\/wp\/v2\/media\/5988"}],"wp:attachment":[{"href":"https:\/\/lifeseguridadnueva.lifeservicios.com\/index.php?rest_route=%2Fwp%2Fv2%2Fmedia&parent=4106"}],"wp:term":[{"taxonomy":"product_cat","embeddable":true,"href":"https:\/\/lifeseguridadnueva.lifeservicios.com\/index.php?rest_route=%2Fwp%2Fv2%2Fproduct_cat&post=4106"},{"taxonomy":"product_tag","embeddable":true,"href":"https:\/\/lifeseguridadnueva.lifeservicios.com\/index.php?rest_route=%2Fwp%2Fv2%2Fproduct_tag&post=4106"}],"curies":[{"name":"wp","href":"https:\/\/api.w.org\/{rel}","templated":true}]}}