{"id":4760,"date":"2016-09-07T18:21:46","date_gmt":"2016-09-07T23:21:46","guid":{"rendered":"https:\/\/lifeseguridadnueva.lifeservicios.com\/producto\/rp432m-panel-de-control-lightsys-risco\/"},"modified":"2023-03-01T21:28:25","modified_gmt":"2023-03-02T02:28:25","slug":"rp432m-panel-de-control-lightsys-risco","status":"publish","type":"product","link":"https:\/\/lifeseguridadnueva.lifeservicios.com\/?product=rp432m-panel-de-control-lightsys-risco","title":{"rendered":"RP432M Panel de Control Lightsys Risco"},"content":{"rendered":"<h2>Panel de Control Lightsys Risco<\/h2>\n<p>LightSYS\u2122 2 es un sistema profesional de seguridad h\u00edbrido con la soluci\u00f3n de v\u00eddeo verificaci\u00f3n integrada a trav\u00e9s de C\u00e1maras IP junto con la aplicaci\u00f3n para Smartphone. LightSYS\u2122 2 es f\u00e1cil de instalar y ofrece flexibilidad para cualquier tipo de instalaci\u00f3n.KIT ALARMA RISCO LIGHTSYS 2<br \/>\n8 zonas (32 con expansores)<br \/>\n4 Particiones<br \/>\nTamper de sirena y de caja principal<br \/>\n4 Salidas programables (expanidibles a 14)<br \/>\n16 codigos de usuario<br \/>\n500 logs de eventos<br \/>\nSoporta 4 teclados<br \/>\nSoporta GSM\/GPRS\/IP mediante modulo RP432GSM\/RW132IP (opcional)<br \/>\nFirmware actualizable<\/p>\n","protected":false},"excerpt":{"rendered":"<p>Panel de Control Lightsys Risco<\/p>\n<p><a class=\"ficha\" href=\"https:\/\/lifeseguridadnueva.lifeservicios.com\/ficha-tecnica\/rp432m.pdf\" target=\"_blank\" rel=\"noopener\"><i class=\"iconoficha\"><\/i> FICHA T\u00c9CNICA<\/a><\/p>\n","protected":false},"featured_media":5942,"comment_status":"open","ping_status":"closed","template":"","meta":{"inline_featured_image":false},"product_cat":[204],"product_tag":[171],"aioseo_notices":[],"_links":{"self":[{"href":"https:\/\/lifeseguridadnueva.lifeservicios.com\/index.php?rest_route=\/wp\/v2\/product\/4760"}],"collection":[{"href":"https:\/\/lifeseguridadnueva.lifeservicios.com\/index.php?rest_route=\/wp\/v2\/product"}],"about":[{"href":"https:\/\/lifeseguridadnueva.lifeservicios.com\/index.php?rest_route=\/wp\/v2\/types\/product"}],"replies":[{"embeddable":true,"href":"https:\/\/lifeseguridadnueva.lifeservicios.com\/index.php?rest_route=%2Fwp%2Fv2%2Fcomments&post=4760"}],"wp:featuredmedia":[{"embeddable":true,"href":"https:\/\/lifeseguridadnueva.lifeservicios.com\/index.php?rest_route=\/wp\/v2\/media\/5942"}],"wp:attachment":[{"href":"https:\/\/lifeseguridadnueva.lifeservicios.com\/index.php?rest_route=%2Fwp%2Fv2%2Fmedia&parent=4760"}],"wp:term":[{"taxonomy":"product_cat","embeddable":true,"href":"https:\/\/lifeseguridadnueva.lifeservicios.com\/index.php?rest_route=%2Fwp%2Fv2%2Fproduct_cat&post=4760"},{"taxonomy":"product_tag","embeddable":true,"href":"https:\/\/lifeseguridadnueva.lifeservicios.com\/index.php?rest_route=%2Fwp%2Fv2%2Fproduct_tag&post=4760"}],"curies":[{"name":"wp","href":"https:\/\/api.w.org\/{rel}","templated":true}]}}