{"id":4810,"date":"2016-09-07T18:21:52","date_gmt":"2016-09-07T23:21:52","guid":{"rendered":"https:\/\/lifeseguridadnueva.lifeservicios.com\/producto\/rwt72m43300c-contacto-magnetico-inalambrico\/"},"modified":"2023-03-01T21:28:26","modified_gmt":"2023-03-02T02:28:26","slug":"rwt72m43300c-contacto-magnetico-inalambrico","status":"publish","type":"product","link":"https:\/\/lifeseguridadnueva.lifeservicios.com\/?product=rwt72m43300c-contacto-magnetico-inalambrico","title":{"rendered":"RWT72M43300C CONTACTO MAGNETICO INALAMBRICO"},"content":{"rendered":"<h2>CONTACTO MAGNETICO INALAMBRICO<\/h2>\n<p>CONTACTO MAGNETICO INALAMBRICO, es la familia de detectores de RISCO inalambricos, con mayor potencia en la se\u00f1al de comunicacion, trabaja a la frecuencia de 433MHz.Caracteristicas principales * Distancia de 100 metros vista libre. * Permite el funcionamiento inal\u00e1mbrico de cualquier detector de contacto NA o NC. * Incluye bater\u00eda CR123A-3 voltios con la vida de la bater\u00eda de 5 a\u00f1o<\/p>\n","protected":false},"excerpt":{"rendered":"<p>CONTACTO MAGNETICO INALAMBRICO<\/p>\n","protected":false},"featured_media":5983,"comment_status":"open","ping_status":"closed","template":"","meta":{"inline_featured_image":false},"product_cat":[217,208],"product_tag":[171],"aioseo_notices":[],"_links":{"self":[{"href":"https:\/\/lifeseguridadnueva.lifeservicios.com\/index.php?rest_route=\/wp\/v2\/product\/4810"}],"collection":[{"href":"https:\/\/lifeseguridadnueva.lifeservicios.com\/index.php?rest_route=\/wp\/v2\/product"}],"about":[{"href":"https:\/\/lifeseguridadnueva.lifeservicios.com\/index.php?rest_route=\/wp\/v2\/types\/product"}],"replies":[{"embeddable":true,"href":"https:\/\/lifeseguridadnueva.lifeservicios.com\/index.php?rest_route=%2Fwp%2Fv2%2Fcomments&post=4810"}],"wp:featuredmedia":[{"embeddable":true,"href":"https:\/\/lifeseguridadnueva.lifeservicios.com\/index.php?rest_route=\/wp\/v2\/media\/5983"}],"wp:attachment":[{"href":"https:\/\/lifeseguridadnueva.lifeservicios.com\/index.php?rest_route=%2Fwp%2Fv2%2Fmedia&parent=4810"}],"wp:term":[{"taxonomy":"product_cat","embeddable":true,"href":"https:\/\/lifeseguridadnueva.lifeservicios.com\/index.php?rest_route=%2Fwp%2Fv2%2Fproduct_cat&post=4810"},{"taxonomy":"product_tag","embeddable":true,"href":"https:\/\/lifeseguridadnueva.lifeservicios.com\/index.php?rest_route=%2Fwp%2Fv2%2Fproduct_tag&post=4810"}],"curies":[{"name":"wp","href":"https:\/\/api.w.org\/{rel}","templated":true}]}}